t u = 2201 - 631. What are the prime factors of u?
2, 5, 157
Let h be 7/(-14) + 14/4. Suppose -4 - 23 = -h*z. Suppose 0 = 7*y - z*y + 72. List the prime factors of y.
2, 3
Let g be -9*(-10)/45*-3. What are the prime factors of 150 - (-3)/g*2?
149
Let x be (-8)/(-14)*28/8. Suppose -h + 30 = x*h. Let p(i) = -i**3 + 10*i**2 + 8*i - 4. What are the prime factors of p(h)?
2, 19
Let h = 380 - 158. What are the prime factors of h?
2, 3, 37
Let y = 96 - -21. List the prime factors of y.
3, 13
Let a(j) = j**2 - 2*j - 74. What are the prime factors of a(-20)?
2, 3, 61
Suppose -10 = -3*i - 40. List the prime factors of (14/4)/(i/(-260)).
7, 13
Suppose y = z - 6*z + 403, 20 = -4*z. Let w = -305 + y. List the prime factors of w.
3, 41
Let z(b) = -5*b**3 - 46*b**2 - 6*b - 35. Let y(k) = -k**3 - 9*k**2 - k - 7. Let j(i) = -11*y(i) + 2*z(i). What are the prime factors of j(-7)?
2, 7
Suppose -5*y = 61 + 144. Suppose 0 = -3*t - 0*o + 5*o - 208, 2*t + 127 = o. Let u = y - t. What are the prime factors of u?
2, 5
Let u = 1461 - 925. List the prime factors of u.
2, 67
Let w = -86 - -125. Let u = w - 29. List the prime factors of u.
2, 5
Let s = 11 + -6. Suppose w - 33 = -4*z, -s*w + 4*z + 141 = -0*w. What are the prime factors of w?
29
Let z(j) = 3*j**2 - 33*j - 139. What are the prime factors of z(-35)?
4691
Suppose -3 = 3*f - 2*f + 2*i, -5*i = 4*f. Suppose 4*v - f = -9. List the prime factors of (0 - 1)/(v/40).
2, 5
Suppose p - 19 = 2*c + 29, -210 = -4*p + 2*c. List the prime factors of 4*3/2 + -2 + p.
2, 29
Suppose -74 = -4*o + 2*b, -5*o + 3*b + 69 = -o. Let d be 12/7 + 6/o. Suppose 4*f = -3*v - 0*v + 24, d*f - 18 = -2*v. What are the prime factors of v?
2, 3
Let q(h) = h. Let w(a) = a**2 + 3*a - 1. Let i(d) = 2*q(d) - w(d). Let b be i(0). List the prime factors of (b + 2*-23)/(-1).
3, 5
Let s(t) = -3*t**2 - t - 2. Let g be s(2). Let q = g - -64. List the prime factors of q.
2, 3
Suppose 24 = 2*c - j, -2*c = -3*j - 2*j - 32. List the prime factors of c.
11
Suppose -42 = -2*t - 16. List the prime factors of 6996/156 - (-2)/t.
3, 5
Let t be 279/5 - 1/(-5). Let q = t - 4. Let k = q + -36. List the prime factors of k.
2
Let m(r) = -31*r - 90. What are the prime factors of m(-21)?
3, 11, 17
Let b(h) = h**3 - 4*h**2 + h - 1. Let d be b(4). Suppose 2*p + 70 = -d*p - w, -3*w - 42 = 3*p. List the prime factors of p/(-3)*18/7.
2, 3
Suppose -2*c - 2*z + 1435 = 173, -4*z = -3*c + 1886. List the prime factors of c.
2, 3, 5, 7
Let x(k) = 3*k - 10. Let z be x(4). Let w = -2 + 4. Suppose -z*o = 0, -3*u + 3*o = w*o - 84. What are the prime factors of u?
2, 7
Let x = -1507 + 2165. What are the prime factors of x?
2, 7, 47
Suppose -275*j = -265*j - 1740. List the prime factors of j.
2, 3, 29
Let y(f) = f + 14. Let t be (-7)/((-21)/(-30))*1. Let u be y(t). Suppose -u*p + 72 + 92 = 0. List the prime factors of p.
41
Suppose -4*j = j - 630. Let l be 4/18 - (-98)/j. List the prime factors of 50 - ((-1 - l) + -2).
2, 3
Suppose x - 6*x + 720 = 0. Let b = x + 2. List the prime factors of b.
2, 73
Let z(x) = -239*x**3 + 3*x**2 + 2*x + 1. Let q = -106 - -105. What are the prime factors of z(q)?
241
Suppose 16*i - 2*n - 1237 = 15*i, -n + 3676 = 3*i. What are the prime factors of i?
3, 409
Let t be 9955/45 - (-6)/(-27). Suppose -3*x - 2*l = -4*x + 79, -2*l = -3*x + t. What are the prime factors of x?
71
Let t be ((-9)/6)/((-4)/8). Suppose 93 = g - t*d + 7, 358 = 4*g + 2*d. List the prime factors of g.
89
Let z(g) = g**2 + 3*g + 7*g + 4 - 8*g + 0*g. What are the prime factors of z(0)?
2
Suppose 0 = -4*w + 10*w - 1968. Suppose -38 = -3*c + w. List the prime factors of c.
2, 61
Suppose 2*x - 32 + 4 = -4*c, -c - 11 = -4*x. List the prime factors of (-222)/(-12) - (-2)/x.
19
Suppose 2*r + 45 = 3*o - r, -4*o = -3*r - 55. List the prime factors of 6858/45 - (-6)/o.
3, 17
Let f(s) = -s**2 - 7*s - 2. Let a be f(-6). Suppose -8*l - a = -7*l. List the prime factors of 218/8 - l/(-16).
3
Suppose c - 4 = 0, 4*f - f = -3*c + 855. What are the prime factors of f?
281
Suppose -30726 = 1186*b - 1195*b. What are the prime factors of b?
2, 3, 569
Let u(q) = -3*q**3 + 6*q**2 + 6*q - 7. Let h be u(-7). Let p be h/11 - (-4)/22. Suppose 5*k = k + p. What are the prime factors of k?
29
Suppose -2*a = -3*d - 0 + 9, 4*d - 12 = 4*a. Suppose d*b = -0 + 3, -b = 5*p - 791. List the prime factors of p.
2, 79
Let k(l) = 5*l**2 - 3*l + 3. Let s be k(2). What are the prime factors of 2/(-17) + 1073/s?
3, 7
Let d = -13 - -12. Let h be d + 4 + -1 + 2. Suppose 3*z + 3*b - 168 = 0, 0 = h*z - 5*b + 58 - 327. List the prime factors of z.
61
Suppose -6 = -3*d - n, -2*n - 2*n = d - 13. Let w be (-1)/(2/(-4))*d. Suppose -2*i + 88 = w*i. What are the prime factors of i?
2, 11
Let y = 451 + -66. What are the prime factors of y?
5, 7, 11
Let v(w) = 11*w + 23. What are the prime factors of v(8)?
3, 37
Let w = 21 - 17. Suppose w*g + g - 600 = 0. Let z = -71 + g. What are the prime factors of z?
7
Suppose p = 3*p - 20. Let q(o) = o**3 + 3*o - 32. Let i be q(0). List the prime factors of (i/p)/(2/(-10)).
2
Suppose 0 = -5*k, -k + 9 = 5*x + 74. What are the prime factors of (-1337)/x - (-2)/13?
103
Let u(k) = k**2 - 11*k + 4. Let d be u(11). Let o(n) = -n**2 - 2*n + 2. Let r be o(d). Let p = r + 49. List the prime factors of p.
3
Suppose -5 = -6*b + 5*b. Suppose -4*u + i = -b, -3*i = -u - u - 5. Suppose 4*x = -n + 258, u*n - 184 = -3*x + 6*n. What are the prime factors of x?
2
Let j(c) = c**3 + 12*c**2 + 3*c - 20. What are the prime factors of j(-11)?
2, 17
Let c(t) be the first derivative of t**2/2 - 9*t + 5. List the prime factors of c(13).
2
Suppose 5*l = -200 - 10. Let h = l - -62. List the prime factors of h.
2, 5
Suppose -5*y - 4*x + 124 = -1054, 3*y - 2*x = 720. Let j = -158 + y. List the prime factors of j.
2, 5
Suppose -4*z + 34 = -0*z + g, -5*z = 3*g - 46. Let l = z + -5. Suppose -l*c - 11 = -83. What are the prime factors of c?
2, 3
Let s = -47 + 1680. List the prime factors of s.
23, 71
Let i(u) = -u + 4. Let k be i(0). Suppose -h = -0*h - k. Suppose -h*n = -0*x - 5*x + 118, 5*n = x - 32. What are the prime factors of x?
2, 11
Suppose -656 = -6*n + 694. List the prime factors of n.
3, 5
Let c(x) = -14*x - 14. Let i be c(-4). Let v = i - 20. Let n = v + 13. What are the prime factors of n?
5, 7
Let d = 3 - 9. Let t(b) = b**2 - 6*b - 2. What are the prime factors of t(d)?
2, 5, 7
Let y(l) = l**2 - 6*l + 4. Suppose -44 = -3*c + 2*b, -5*c + b = -48 - 16. Suppose w = -w + 4*d, 3*d - c = 0. List the prime factors of y(w).
2, 5
Suppose -2*s = -2*w, -4*s + 3*w = 1 - 5. Suppose -426 = -4*l - f, l - 17 = -s*f + 97. List the prime factors of l.
2, 53
Let k(s) = -56*s**3 - s**2 - 3*s - 2. List the prime factors of k(-2).
2, 7
Let h(k) = 24*k**3 - k**2 - 4*k + 3. Let b be h(3). Suppose -23*w + 28*w = b. List the prime factors of w.
2, 3, 7
Let p = 113 + -112. Let i(s) = -s**3 + 2*s - 2*s**2 - s**3 + 22*s**3. List the prime factors of i(p).
2, 5
Suppose 4*s - 3*m - 6187 = 0, 3*s - 19*m = -24*m + 4662. List the prime factors of s.
1549
Suppose -3*v = -4*c + 10849, -3*c + 8118 = -38*v + 42*v. What are the prime factors of c?
2, 5, 271
Let q be (-1 - -3) + (-2)/(-2). Let o be ((-54)/(-8))/(15/280). Suppose -4*k + o = q*t, -t = -5*k - 2*t + 152. List the prime factors of k.
2, 3, 5
Let j be (5/(-3) + 2)*18. Suppose 0 = 4*y - u + 28, -5*u - j + 18 = -4*y. Let x = y - -66. What are the prime factors of x?
2, 29
Let j(d) = 13*d**3 - 14*d**2 + 24*d - 83. List the prime factors of j(6).
5, 11, 43
Suppose -h = 3*j + 2*j + 14, 2*h = 5*j + 17. Suppose o - h = 9. What are the prime factors of o?
2, 5
Suppose -3*k - 4*f - 12 = 0, k + 4*k - 4*f = 12. Suppose k = 4*j - 10*j + 888. What are the prime factors of j?
2, 37
Suppose 3*q + 100 = 2*b, b + 2*q = 12 + 38. Let a be 18/5 + 20/b. Suppose r + 38 = i - a*r, i - 3*r = 28. List the prime factors of i.
13
List the prime factors of 3*(6/18)/((-2)/(-492)).
2, 3, 41
Suppose -5*q + 1020 = -0*p + 3*p, -4*q = 4*p - 808. Suppose -5*l + 73 = -q. List the prime factors of l.
2, 7
Suppose -101 = -23*m + 32628. What are the prime factors of m?
1423
Let k(b) = -b**2 - 6*b + 4. Let f be k(-6). Let n be (-6)/8*(0 - f). Suppose 0 = 4*t, 4*s - 4*t - 200 = -n*t. List the prime factors of s.
2, 5
Let i(h) = -h**2 - 45*h - 